 - 14*p**2 + 1 + 3*p**2 + 2*p**3 + 7*p**2. Suppose 4*f = -5*u - 17, 2*f = -f - 2*u - 4. What is y(f)?
5
Let k(a) = a**3 + 12*a**2 + 7*a + 9. Let m(c) = -4*c**3 - 49*c**2 - 27*c - 37. Let r(w) = -9*k(w) - 2*m(w). Give r(-9).
-7
Let z(d) = 9*d**3 + 5*d**3 - 15*d**3 - 5 - 4*d**2 - 3*d**2. Calculate z(-7).
-5
Let o = 9 + -9. Let p be o*(-2)/4*1. Let r(x) = -x**2 - x + 8. Determine r(p).
8
Let z(q) be the second derivative of -q**7/840 - q**6/60 - q**5/24 - q**4/4 - q**3/2 + q. Let i(s) be the second derivative of z(s). Determine i(-5).
-6
Let d(y) = 2*y**3 - y**2 - 5. Let t be 12/4 + 0/(-1). Let l(b) = -b**3 - b**2. Let c(v) = t*l(v) + d(v). Give c(-4).
-5
Let z = 5 + 0. Let i(n) = -n + 5*n**2 - n**3 + n. What is i(z)?
0
Let v(z) = -z + 6. Suppose -4*j = j - 90. Let i be j/4 + (-3)/(-6). Determine v(i).
1
Let s = 5 + -3. Suppose -o + 2*o = 10. Suppose -3*f = -5*m - s, 6*m = -f + 3*m + o. Let c(q) = q - 7. Determine c(f).
-3
Suppose -5 = -5*a + 4*s, 5*a + 4*s = -4 - 31. Let f = -3 - a. Let m(k) = 3*k**2 - 5*k - 9. Let g(h) = h**2 - h. Let d(z) = 4*g(z) - m(z). What is d(f)?
9
Let r(k) be the first derivative of 2*k**3/3 - k**2/2 - 2*k + 1. Let m(h) = 4*h**2 - 3*h - 5. Let n(p) = 3*m(p) - 7*r(p). Let o = 2 - 3. What is n(o)?
-1
Let m(q) = 8*q**2 + 12*q - 17. Let p(f) = -3*f**2 - 4*f + 6. Let j(z) = -4*m(z) - 11*p(z). Let r be 5 + (-1 - -2 - 1). Determine j(r).
7
Let i(u) = -u**3 - 5*u**2 - u - 2. Let c be 14/(-3) + 2/(-6). Determine i(c).
3
Let p be -5 + 4 + 6/2. Let o(l) = -13*l + 6. Let f(d) = 7*d + 4. Let b(x) = 7*x + 3. Let g(c) = -7*b(c) + 6*f(c). Let q(z) = 5*g(z) - 3*o(z). What is q(p)?
5
Let i(u) = u**3 - 3*u**2 + 2*u - 21. Let b be i(4). Let c(r) = r**2 - 4. What is c(b)?
5
Let a(n) = n - 1. Let o(l) = 3*l. Let j(s) = 4*a(s) - o(s). Let q be 1*0/(1 + 1). Determine j(q).
-4
Suppose 0*c = -3*c - 102. Let s = 58 + c. Let u be s/(-16) - (-1)/2. Let i(y) = y**2 - 1. Determine i(u).
0
Let x(w) = 2*w + 23. Let d(t) = -t - 15. Let f(i) = -8*d(i) - 5*x(i). Calculate f(4).
-3
Let k be 6*(-6)/(-45)*-5. Let w(f) = f**2 + 4*f - 4. Let t be w(k). Let l(j) = -j**3 - 3*j**2 + 3*j - 5. Calculate l(t).
-1
Let p(y) = -y**3 - 7*y**2 - 5*y. Let u be 1*(-3)/(-9)*0. Let g = u - 0. Let b be 0/(-1) + g + -6. Determine p(b).
-6
Let t(h) be the second derivative of -h**4/6 + h**3/3 - h**2/2 + 5*h. Let w(u) = -u**3 - 6*u**2 - u - 5. Let q be w(-6). What is t(q)?
-1
Let l be 40/15 + 2/(-3). Let p(q) = -3*q + 0*q**l + 5*q + q**2 + 3*q. Suppose 0 = -2*x + 5*x + 15. What is p(x)?
0
Let p(s) be the second derivative of 0*s**3 - 2*s + 0 - 11/12*s**4 + 0*s**2. Let i be 2 - -1 - (18 + -14). Calculate p(i).
-11
Let i(n) = 10*n**3 + 0*n + n - 3*n**2 + n**2 + 0*n. Calculate i(1).
9
Suppose 0*t + 4*t - 32 = 0. Suppose 0 = -4*y - 5*p - 16, -2*y - 4*p = -3*p + t. Let g(b) = -7 - b**2 - 3*b + 3 + 1. Calculate g(y).
-7
Let x(l) = -l**3 - 2*l + 3. Suppose -5 = -4*m - 37. Let h(k) = -k**2 - 9*k - 3. Let d be h(m). Suppose -d*t + 7 = -3. What is x(t)?
-9
Let a(i) = 59*i - 59*i - 1 + i**3 + i**2. Determine a(-1).
-1
Let c(x) = x - 4 - 3*x + 4*x - x. Let u be c(9). Let n(h) = 0*h**3 - h**3 + u*h - 4*h**2 + 5 - 2*h. Calculate n(-4).
-7
Let s = 640 - 38399/60. Let i(x) be the third derivative of 1/8*x**4 + 0*x + 2*x**2 + 0 + 1/3*x**3 - s*x**5. Give i(5).
-8
Let o(x) = 3 + 16*x - 5*x - 4*x - 10*x. What is o(7)?
-18
Let n = -8 - -5. Let q = 5 + n. Let c(l) = -4*l + 0*l**3 - 3*l**3 + 4*l**3 - 1 - 2*l**q. Give c(3).
-4
Let b(u) = -4*u - 3. Let s be b(-2). Let p(m) be the first derivative of -m**6/360 + m**5/24 + m**3 - 1. Let l(f) be the third derivative of p(f). Give l(s).
0
Let g(a) = a + 3. Let o(d) = -1. Let y(f) = 2*g(f) + 2*o(f). What is y(-7)?
-10
Suppose -13 = 2*y - z, y + 0*z = 4*z - 24. Let k(i) = i**2 + 8*i - 2. Calculate k(y).
-18
Let p(z) = z**3 + 5*z**2 + 6. Let o = 49 + -54. Calculate p(o).
6
Let h(x) = -x**3 - 2*x**2 + 4*x - 5. Let s be 2 + -33 + (0 - 2). Let p be s/9 - (-3)/(-9). Determine h(p).
11
Let t(j) = 8*j - 4*j - 6*j - 1. Determine t(1).
-3
Let o(a) = 7*a**3 + 13*a**2 + 14*a - 5. Let q(t) = t**3 + t**2 + t - 1. Let l(p) = o(p) - 6*q(p). Give l(-6).
-11
Let v(x) = -x**2 + 1. Let a(s) = 5*s**2 - 5*s - 12. Let r(m) = -15*m**2 + 15*m + 35. Let b(j) = -17*a(j) - 6*r(j). Let u(g) = b(g) + 4*v(g). Give u(3).
-8
Let d(m) = 14*m**2 + 10*m + 9. Let l(v) = -5*v**2 - 3*v - 3. Let g(i) = 4*d(i) + 11*l(i). Calculate g(-3).
-9
Let s be (0 - 1)*(-1 - -10). Let y be (-4)/18 - 20/s. Let n(c) = c**2 + 1. Calculate n(y).
5
Let v(p) be the second derivative of p**4/12 - 7*p**3/6 + p**2/2 + 4*p + 5. Let j = 24 + -17. What is v(j)?
1
Let x be 16/10*5/2. Let h(m) = 6*m - m**2 - 2*m - x - m**2. Determine h(3).
-10
Suppose 4*l = 3*g + 27 + 1, 21 = 3*l + 5*g. Let o(t) = -t**2 + 7*t + 4. What is o(l)?
4
Let k be (-30)/(-75) - 4/10. Let o(a) be the second derivative of -1/20*a**5 + 0*a**3 + 0 - a + 0*a**4 + 5/2*a**2. Calculate o(k).
5
Let u(f) = -f**3 + 5*f**2 - 3. Suppose -12*q + 7*q + 25 = 0. Let h be u(q). Let l(b) = -b**2 - 7*b. Let s(c) = c. Let t(k) = -l(k) - 4*s(k). Give t(h).
0
Suppose -2*d + d = 0. Let u(w) = 39 - 4*w - 39 + d*w. Give u(-1).
4
Let v(d) = -10*d + 7. Let u(j) = j - 1. Let l(a) = 22*u(a) + 2*v(a). What is l(7)?
6
Suppose 0 = -2*u + 2*c + 3 - 7, -2*c = -5*u - 4. Let t(r) = 3*r + 1 - r**3 - 2*r + u*r**3. Calculate t(0).
1
Let y be (-6)/9 - (-62)/(-6). Let n(i) = i**3 + 11*i**2 + i + 8. What is n(y)?
-3
Let q(c) = c**3 - 6*c**2 + 6*c + 5. Let w(y) = y**2 - 11*y + 5. Suppose 55 = 8*t - 3*t. Let m be w(t). Calculate q(m).
10
Suppose 5*j = -t, 0 = -0*t + t - 4*j. Let i(b) = 4*b - 5. Let x(o) = o - 2. Let r(k) = -2*i(k) + 7*x(k). Determine r(t).
-4
Let d(v) be the first derivative of -2*v**3 - v + 1. What is d(1)?
-7
Let w(l) = -6 - 2 + 5 - 4*l + 4. Determine w(1).
-3
Suppose -3*k = -2*g + 11, 3 = -2*k - 2*g - 1. Let a be (12/9)/((-1)/k). Let j be 6/9*6/a. Let s(h) = 4*h. Determine s(j).
4
Let s(k) = -3*k**2 + k + 1. Suppose c + 0 + 4 = -3*q, 5*c = -5*q - 20. Let g be (-1 - q) + 0/10. What is s(g)?
-3
Let d(b) be the first derivative of -5 - 1/2*b**2 - 2*b**3 + 0*b. Calculate d(-1).
-5
Let q(s) be the first derivative of 2*s**3/3 - 5*s**2/2 + 4*s + 6. Give q(3).
7
Let l(t) be the first derivative of -t**4/4 - 7*t**3/3 - 3*t**2 - 7*t + 9. Determine l(-6).
-7
Let x(v) = -2*v**2 - 3*v - 3. Let g(n) = 3*n**2 + 7*n + 5. Let d(l) = 3*g(l) + 5*x(l). Give d(7).
-7
Let c(o) = 0*o**2 - 7*o + o**2 - 13*o + 27*o. Let s be (-5)/(-1)*(-12)/10. Give c(s).
-6
Let n(g) = 0*g**2 - 2 + 1 + g**2. Suppose 2*j - 4*p = 4 + 2, 0 = -4*j - 3*p + 12. Suppose u = -2*d + 3*u - 16, j*d - u + 14 = 0. Determine n(d).
8
Let m(h) = -h**2 - 6*h - 1. Let z(x) = -2*x - 3. Let r be z(-3). Suppose -2*c - 5*n + r = 0, -n = 5*c - 4*c - 3. Let v be (2*-1)/(c/10). What is m(v)?
4
Let x(j) = 2*j + 6. Let l be -2*1*10/(-4). Let f(b) = b**3 - 6*b**2 + 2*b + 7. Let r be f(l). Let a be (-22)/4 + 4/r. Determine x(a).
-6
Suppose 0 = 5*r - f - 6 - 24, 6 = r + f. Let k(j) = j**2 + j + 6 + 12*j - r*j. Let h = -4 - 0. What is k(h)?
-6
Suppose 3 = y + 6. Let c(w) = 2*w + 2. Calculate c(y).
-4
Let a(p) be the first derivative of 4*p + 1/2*p**2 + 1/3*p**3 - 1. Suppose 0*s - 3*s = 0. Determine a(s).
4
Suppose 0 = r + 4*r. Let y(u) = -3*u - 26. Let m(h) = -h - 9. Let n(x) = 11*m(x) - 4*y(x). Calculate n(r).
5
Suppose 2*b + 6 - 10 = 0. Suppose b*c - 12 + 4 = -5*k, 2*c = -4*k + 6. Let s(y) = -3*y - 3. Let i(u) = -u - 1. Let h(n) = -5*i(n) + 2*s(n). Give h(c).
0
Let m be (1 - (-1)/(-2))*-2. Let q be (4 + m)*(-2)/3. Let v(y) = 7*y + 3. Let p(c) = 4*c + 2. Let d(w) = -10*p(w) + 6*v(w). What is d(q)?
-6
Suppose 2*m - 28 = -5*r - 3, -4*m = -r + 5. Let v(x) = x**3 + 6*x**2 + x + 8. Let i be v(-6). Let j(o) = -o + 6*o + 4 + o**3 - r*o**2 - o**i. Give j(4).
-8
Let t(f) = -9*f**3 - 5*f**2 + 11*f - 1. Let i(w) = 4*w**3 + 2*w**2 - 5*w. Let c(p) = 5*i(p) + 2*t(p). Give c(-2).
-12
Let n(y) be the first derivative of -y**2/2 - 1. Let b(w) = -w**3 + 2*w**2 - 2. Let a be b(1). Give n(a).
1
Let s(m) = m**2 - 11*m + 13. Let l be s(10). Suppose g - 9 = -l. Let y(h) = h**3 - 7*h**2 + 6*h - 6. Calculate y(g).
-6
Let r(j) = -j**3 + 3*j**2 - j. Let u be 1*(-1)/3 - 250/(-75). What is r(u)?
-3
Let s(i) = -i**3 - 4*i**2 + 6*i + 3. Let a(y) = 5*y**2 - 1. Let t be 